-- http://www.phpmyadmin.net
--




--
-- Database: `solimaq_dev`
--
CREATE DATABASE IF NOT EXISTS `solimaq_dev` DEFAULT CHARACTER SET utf8 COLLATE utf8_general_ci;
USE `solimaq_dev`;

DELIMITER $$
--
-- Procedures
--
CREATE DEFINER=`solimaq`@`%` PROCEDURE `pa_user`(
 in numb int(5),
 in name varchar(30),
 in ip varchar(30),
 in user_name varchar(255),
 in email varchar(100),
 in about text
 )
begin
	case numb
    when 1 then 
    insert into bitacora (name,ip,msg,date)
    values(name,ip,concat("se registro el usuario ",user_name,' con un correo ',email,' y una descripcion ',about),now()) ;
    when 2 then
    insert into bitacora (name,ip,msg,date)
    values(name,ip,concat("se borró el ",user_name),now()) ;
    when 3 then
    insert into bitacora (name,ip,msg,date)
    values(name,ip,concat("se registro el usuario ",user_name,' con un correo ',email,' y una descripcion ',about),now()) ;
    end case;
    
 end$$

DELIMITER ;

-- --------------------------------------------------------

--
-- Table structure for table `access`
--

CREATE TABLE IF NOT EXISTS `access` (
  `id_group` int(11) NOT NULL,
  `id_module` int(11) NOT NULL,
  ` is_cat` tinyint(1) NOT NULL,
  `create_a` tinyint(1) NOT NULL,
  `read_a` tinyint(1) NOT NULL,
  `update_a` tinyint(1) NOT NULL,
  `delete_a` tinyint(1) NOT NULL,
  KEY `id_group` (`id_group`),
  KEY `id_module` (`id_module`)
) ENGINE=InnoDB DEFAULT CHARSET=utf8;

--
-- Dumping data for table `access`
--

INSERT INTO `access` (`id_group`, `id_module`, ` is_cat`, `create_a`, `read_a`, `update_a`, `delete_a`) VALUES
(1, 1, 1, 0, 1, 0, 0),
(1, 6, 1, 1, 1, 1, 0),
(1, 47, 0, 1, 1, 1, 1),
(1, 125, 1, 1, 1, 1, 1),
(1, 108, 1, 1, 1, 1, 1),
(1, 127, 1, 1, 1, 1, 0),
(1, 129, 0, 1, 1, 1, 1),
(1, 128, 0, 0, 1, 0, 0),
(1, 130, 0, 1, 1, 1, 1),
(1, 131, 0, 1, 1, 1, 1),
(1, 136, 0, 1, 1, 0, 1),
(1, 137, 0, 1, 1, 1, 1),
(1, 138, 0, 1, 1, 1, 1),
(1, 139, 0, 1, 1, 1, 1),
(1, 140, 0, 1, 1, 1, 1),
(44, 141, 0, 1, 1, 1, 1),
(1, 141, 0, 1, 1, 1, 1),
(1, 143, 0, 1, 1, 1, 1),
(1, 144, 0, 1, 1, 1, 1),
(1, 151, 0, 1, 1, 1, 1),
(1, 152, 0, 1, 1, 1, 1),
(1, 153, 0, 1, 1, 1, 1),
(1, 154, 0, 1, 1, 1, 1),
(3, 47, 0, 1, 1, 1, 1),
(3, 1, 0, 1, 1, 1, 1),
(3, 108, 0, 1, 1, 1, 1),
(3, 127, 0, 1, 1, 1, 1),
(3, 130, 0, 1, 1, 1, 1),
(3, 137, 0, 1, 1, 1, 1),
(3, 143, 0, 1, 1, 1, 1),
(3, 153, 0, 1, 1, 1, 1),
(2, 128, 0, 1, 1, 1, 1),
(1, 155, 0, 1, 1, 1, 1),
(1, 156, 0, 1, 1, 1, 1),
(1, 157, 0, 1, 1, 1, 1),
(1, 158, 0, 1, 1, 1, 1),
(1, 159, 0, 1, 1, 1, 1);

-- --------------------------------------------------------

--
-- Table structure for table `bitacora`
--

CREATE TABLE IF NOT EXISTS `bitacora` (
  `id` int(11) NOT NULL AUTO_INCREMENT,
  `name` varchar(100) DEFAULT NULL,
  `ip` varchar(50) DEFAULT NULL,
  `msg` text,
  `date` datetime DEFAULT NULL,
  PRIMARY KEY (`id`)
) ENGINE=InnoDB  DEFAULT CHARSET=utf8 AUTO_INCREMENT=14 ;

--
-- Dumping data for table `bitacora`
--

INSERT INTO `bitacora` (`id`, `name`, `ip`, `msg`, `date`) VALUES
(1, 'Alexis Ricardo', '::1', 'se registro el usuario Sergio Flores con un correo ser@webcorp.com.mx y una descripcion soy tu', '2021-05-13 12:00:49'),
(2, 'Alexis Ricardo', '::1', 'se registro el usuario Geovani con un correo geovani@webcorp.com.mx y una descripcion Soy Geovani', '2021-05-13 12:04:19'),
(3, 'Alexis Ricardo', '::1', 'se registro el usuario test con un correo test@webcorp.com.mx y una descripcion prueba ', '2021-05-14 14:19:35'),
(4, 'Alexis Ricardo', '::1', 'se registro el usuario prueba con un correo prueba@webcorp.com.mx y una descripcion soy una prueba ', '2021-05-14 14:21:20'),
(5, 'Alexis Ricardo', '::1', 'se registro el usuario prueba2 con un correo prueba2@webcorp.com.mx y una descripcion soy un admin', '2021-05-14 14:23:26'),
(6, 'Alexis Ricardo', '127.0.0.1', 'se registro el usuario vendedor1 con un correo Vendedor2@webcorp.com.mx y una descripcion vendedor', '2021-05-14 17:08:49'),
(7, 'Alexis Ricardo', '::1', 'se registro el usuario gio con un correo giovanni@webcorp.com.mx y una descripcion vendedor', '2021-05-17 13:16:13'),
(8, '', '::1', 'se registro el usuario  con un correo alexis@webcorp.com.mx y una descripcion ', '2021-05-19 15:05:28'),
(9, 'Alexis Ricardo', '::1', 'se registro el usuario Sergio con un correo sergio@webcorp.com.mx y una descripcion Soy sergio', '2021-05-19 15:30:11'),
(10, 'Alexis Ricardo', '::1', 'se registro el usuario sin foto con un correo foto@webcorp.com.mx y una descripcion foto', '2021-05-19 15:31:00'),
(11, 'Alexis Ricardo', '::1', 'se registro el usuario luis con un correo luis@webcorp.com.mx y una descripcion soy un vendedor', '2021-05-20 12:07:43'),
(12, 'Alexis Ricardo', '::1', 'se registro el usuario Vendedor con un correo vendedor@webcorp.com.mx y una descripcion Soy vendedor', '2021-06-01 15:53:22'),
(13, 'Alexis Ricardo', '127.0.0.1', 'se registro el usuario giovende con un correo giovende@webcorp.com.mx y una descripcion vendedor', '2021-06-01 17:25:11');

-- --------------------------------------------------------

--
-- Table structure for table `business`
--

CREATE TABLE IF NOT EXISTS `business` (
  `id` int(11) NOT NULL AUTO_INCREMENT,
  `business_name` varchar(50) NOT NULL,
  `address` varchar(50) NOT NULL,
  PRIMARY KEY (`id`)
) ENGINE=InnoDB  DEFAULT CHARSET=utf8 AUTO_INCREMENT=27 ;

--
-- Dumping data for table `business`
--

INSERT INTO `business` (`id`, `business_name`, `address`) VALUES
(1, 'WebCorp2', 'Col. Del Valle2'),
(2, 'Solimaq', 'Xochimilco'),
(9, 'Yodono', 'Eje central Lázaro Cárdenas'),
(11, 'ICT', 'Tlalnepantla'),
(12, 'CCC', 'Circuito interior s/n'),
(13, 'BDB', 'Benito Juarez'),
(14, 'So company', 'Revolucion'),
(15, 'Evolet', 'AJusco s/n prolongación peri'),
(16, 'Grupo esencia', 'Parque México s/n'),
(17, 'Proyecto 21', 'Coyoacán 23 esquina del rio'),
(20, 'Webcorp', 'aniceto ortega 107'),
(21, 'Coca cola', 'Naucalpan de Juarez'),
(25, 'dfewfcew', 'ewfew');

-- --------------------------------------------------------

--
-- Table structure for table `buys_x_proveedor`
--

CREATE TABLE IF NOT EXISTS `buys_x_proveedor` (
  `id` int(11) NOT NULL AUTO_INCREMENT,
  `pro_x_product` int(11) NOT NULL,
  `price` float NOT NULL,
  `porcent` float NOT NULL,
  `user_id` int(11) NOT NULL,
  PRIMARY KEY (`id`)
) ENGINE=InnoDB  DEFAULT CHARSET=utf8 AUTO_INCREMENT=76 ;

--
-- Dumping data for table `buys_x_proveedor`
--

INSERT INTO `buys_x_proveedor` (`id`, `pro_x_product`, `price`, `porcent`, `user_id`) VALUES
(72, 11, 20000, 0, 16),
(74, 11, 20000, 0, 16);

-- --------------------------------------------------------

--
-- Table structure for table `cat_files`
--

CREATE TABLE IF NOT EXISTS `cat_files` (
  `id` int(11) NOT NULL AUTO_INCREMENT,
  `name_file` varchar(100) NOT NULL,
  `type_id` int(11) NOT NULL,
  `business_id` int(11) NOT NULL,
  PRIMARY KEY (`id`)
) ENGINE=InnoDB  DEFAULT CHARSET=utf8 AUTO_INCREMENT=8 ;

--
-- Dumping data for table `cat_files`
--

INSERT INTO `cat_files` (`id`, `name_file`, `type_id`, `business_id`) VALUES
(1, '../public/Files/prueba.pdf', 1, 0),
(2, '../public/Files/solimaq.png', 2, 0),
(3, '../public/Files/mpdf(5).pdf', 4, 0),
(4, '../public/Files/Captura de pantalla de 2021-05-19 13-42-19.png', 1, 1),
(5, '../public/Files/Captura de pantalla de 2021-05-11 16-43-46.png', 3, 1),
(6, '../public/Files/MAQUETA SISTEMA GESTOR.docx', 2, 25),
(7, '../public/Files/Captura de pantalla de 2021-04-15 11-21-55.png', 1, 25);

-- --------------------------------------------------------

--
-- Table structure for table `cat_payments`
--

CREATE TABLE IF NOT EXISTS `cat_payments` (
  `id` int(11) NOT NULL AUTO_INCREMENT,
  `name` varchar(255) DEFAULT NULL,
  `description` varchar(255) DEFAULT NULL,
  PRIMARY KEY (`id`)
) ENGINE=InnoDB  DEFAULT CHARSET=utf8 AUTO_INCREMENT=17 ;

--
-- Dumping data for table `cat_payments`
--

INSERT INTO `cat_payments` (`id`, `name`, `description`) VALUES
(5, 'Anticipo', 'Pago minimo de 40% al firmar contrato.'),
(15, 'liquidacion', 'se realiza a la entrega de la maquina'),
(16, 'A envio', 'Maquinaria en camino % 20');

-- --------------------------------------------------------

--
-- Table structure for table `cat_products`
--

CREATE TABLE IF NOT EXISTS `cat_products` (
  `id` int(11) NOT NULL AUTO_INCREMENT,
  `name` varchar(255) NOT NULL,
  `type` varchar(100) NOT NULL,
  `model` varchar(100) NOT NULL,
  `ability` varchar(100) NOT NULL,
  `description` text NOT NULL,
  `media_path` varchar(255) NOT NULL,
  `su_price` double NOT NULL,
  `delivery_time` varchar(60) NOT NULL,
  `c_date` datetime NOT NULL DEFAULT CURRENT_TIMESTAMP,
  `link_youtube` varchar(200) NOT NULL,
  `business_id` int(11) NOT NULL,
  `deleted_at` datetime NOT NULL,
  PRIMARY KEY (`id`),
  KEY `id` (`id`)
) ENGINE=InnoDB  DEFAULT CHARSET=utf8 AUTO_INCREMENT=32 ;

--
-- Dumping data for table `cat_products`
--

INSERT INTO `cat_products` (`id`, `name`, `type`, `model`, `ability`, `description`, `media_path`, `su_price`, `delivery_time`, `c_date`, `link_youtube`, `business_id`, `deleted_at`) VALUES
(7, 'prueba', '', '', '', 'el archivo esta vacio', '1613678260_ba7c245d01c36371844d.jpg', 123, '', '0000-00-00 00:00:00', '', 0, '2021-05-18 01:36:11'),
(10, 'Maquina de recliclaje seria A-22', '', '', '', 'Especificaciones de Maquina', '1617146960_3be785abf0950c6fe49a.png', 1000000, '', '2021-03-30 06:29:20', '', 0, '2021-04-30 12:13:39'),
(12, 'pokemon', '', '', '', 'peluche', '1614105581_e4dd540b2c47b9c709de.png', 4000, '', '2021-02-23 12:39:41', '', 0, '2021-05-18 16:18:14'),
(13, 'sin foto', '', '', '', 'no hay foto', 'default.jpg', 1200, '', '2021-02-23 12:43:42', '', 0, '2021-05-18 01:36:00'),
(14, 'react', '', '', '', 'un nuevo producto', '1614107256_748cc206b21da91c835f.png', 789, '', '2021-02-23 01:07:36', '', 0, '2021-05-18 16:18:17'),
(15, 'pruaba', '', '', '', 'prueba', 'default.jpg', 789, '', '2021-02-23 01:45:17', '', 0, '2021-05-18 16:18:21'),
(18, 'Pokemon', '', '', '', 'carta', '1614113270_9643ef4684c0fbe30875.png', 500, '', '2021-02-23 02:47:50', '', 0, '2021-05-18 16:18:26'),
(19, 'chacis', '', '', '', 'moto', '1614111708_55acf614f5b492d207e2.jpg', 100, '', '2021-02-23 02:21:48', '', 0, '2021-05-18 16:18:33'),
(20, 'carro', '', '', '', 'Marca Mazda\r\nmodelo 2021', '1614113545_89a567fff72e03c075a8.jpg', 78, '', '0000-00-00 00:00:00', '', 0, '2021-04-30 12:24:27'),
(24, 'trigger', '', '', '', 'Es una prueba', '', 100, '', '2021-05-03 16:57:09', '', 0, '2021-05-18 01:35:52'),
(26, 'Molino', '', '', '', 'Serie GX - GX32', '', 32000, '', '0000-00-00 00:00:00', '', 0, '2021-05-18 16:18:04'),
(27, 'Trituradora ', 'maquinaria', 'SXR45', '500kg', 'maquina de reciclaje', '1621372068_207c4a24e3c3349fef23.jpg', 600000, '60 dias', '0000-00-00 00:00:00', 'https://www.youtube.com/watch?v=NbxlbibAHT4', 2, '0000-00-00 00:00:00'),
(28, 'prueba2', 'Trituradora', 'EDXHY', '500', 'Trituradora de PET', '1621373134_e380f493c654f29445a6.jpg', 60000, '2 meses', '0000-00-00 00:00:00', 'https://www.youtube.com/watch?v=NbxlbibAHT4', 1, '0000-00-00 00:00:00'),
(29, 'test2', 'peluche', 'XDRGH', '9g', 'Adorno', '1621633395_82f2682ac1369bf9c155.png', 4200, '5 dias', '2021-05-21 04:43:15', 'youtube', 1, '0000-00-00 00:00:00'),
(30, 'test3', 'Prueba', 'ZXCVF', '800gr', 'maquina de triturar', '1621875823_5edfb130ffc75adcfb7b.jpg', 9000, '60', '2021-05-24 12:03:43', 'you', 14, '0000-00-00 00:00:00'),
(31, 'test5', 'decimal', 'decimal', '100', 'descimal', '1621879528_67bdcb3f517f33387b9a.jpg', 0.3, '60', '2021-05-24 01:05:28', 'you', 1, '0000-00-00 00:00:00');

-- --------------------------------------------------------

--
-- Table structure for table `cat_sales_stages`
--

CREATE TABLE IF NOT EXISTS `cat_sales_stages` (
  `id` int(11) NOT NULL AUTO_INCREMENT,
  `name` varchar(255) DEFAULT NULL,
  `description` varchar(500) DEFAULT NULL,
  `position` int(11) NOT NULL,
  PRIMARY KEY (`id`)
) ENGINE=InnoDB  DEFAULT CHARSET=utf8 AUTO_INCREMENT=9 ;

--
-- Dumping data for table `cat_sales_stages`
--

INSERT INTO `cat_sales_stages` (`id`, `name`, `description`, `position`) VALUES
(3, 'En fabricación', 'Primera etapa de proceso de venta, el producto se ordena con el proveedor y se comienza a fabricar.', 1),
(4, 'Por embarcar', 'Segunda etapa de proceso de venta, el producto esta en espera de ser enviado.', 2),
(5, 'En tránsito', 'Tercera etapa de proceso de venta, el producto se encuentra en camino hacia el comprador.', 3),
(6, 'En trámite aduanal', 'Cuarta etapa de proceso de venta, el producto se encuentra en proceso de aprobación para su entrada al país.', 4),
(7, 'En logistica terrestre', 'Qiunta etapa de proceso de venta, el producto ya se encuentra en tierra y en camino para ser enviado a la ubicación del cliente.', 5),
(8, 'Entregada', 'Sexta y ultima etapa de proceso de venta, el producto fue recibido por el cliente.', 6);

-- --------------------------------------------------------

--
-- Table structure for table `clients_data`
--

CREATE TABLE IF NOT EXISTS `clients_data` (
  `id` int(11) NOT NULL AUTO_INCREMENT,
  `name` varchar(255) DEFAULT NULL,
  `rfc` varchar(20) DEFAULT NULL,
  `phone` int(10) NOT NULL,
  `mobile` varchar(100) DEFAULT NULL,
  `adress_country` varchar(255) DEFAULT NULL,
  `adress_city` varchar(255) DEFAULT NULL,
  `adress_county` varchar(255) DEFAULT NULL,
  `adress_street` varchar(255) DEFAULT NULL,
  `adress_postal_code` varchar(255) DEFAULT NULL,
  `adress_number` varchar(255) DEFAULT NULL,
  `id_user` int(11) DEFAULT NULL,
  PRIMARY KEY (`id`),
  KEY `user-client_idx` (`id_user`)
) ENGINE=InnoDB  DEFAULT CHARSET=utf8 AUTO_INCREMENT=6 ;

--
-- Dumping data for table `clients_data`
--

INSERT INTO `clients_data` (`id`, `name`, `rfc`, `phone`, `mobile`, `adress_country`, `adress_city`, `adress_county`, `adress_street`, `adress_postal_code`, `adress_number`, `id_user`) VALUES
(2, 'Omar Cruz Pozos', 'RFCDEOMAR', 0, '5529196482', 'MEXICO', 'CIUDAD DE MEXICO', 'ECATEPEC', 'ALCATRAZ', '55070', '146', 26),
(3, 'Ubaldo', 'RFCUBALDO', 0, '2147483647', 'MEXICO', 'CIUDAD DE LOS QUIEN', 'ECATEPEC', 'GERANIOS', '55070', '146', 27),
(4, 'giovanni zavala ', 'AQSWEDFGFRTG', 0, '2147483647', 'mexico', 'mexico', 'tlahuac', 'del mar', '1489', '1259', 49),
(5, 'Ed', 'Ed', 0, '2147483647', 'Ed', 'Ed', 'Ed', 'Ed', 'Ed', 'Ed', 68);

-- --------------------------------------------------------

--
-- Table structure for table `contracts`
--

CREATE TABLE IF NOT EXISTS `contracts` (
  `id` int(11) NOT NULL AUTO_INCREMENT,
  `id_user` int(11) DEFAULT NULL,
  `name` varchar(100) DEFAULT NULL,
  `rfc` varchar(100) DEFAULT NULL,
  `description` varchar(200) DEFAULT NULL,
  `wyswyg` text,
  PRIMARY KEY (`id`),
  KEY `id_user` (`id_user`)
) ENGINE=InnoDB  DEFAULT CHARSET=utf8 AUTO_INCREMENT=14 ;

--
-- Dumping data for table `contracts`
--

INSERT INTO `contracts` (`id`, `id_user`, `name`, `rfc`, `description`, `wyswyg`) VALUES
(1, 16, 'Sergio Flores', 'FOGS', NULL, '<p>Buenos dias {name} con rfc {rfc}</p>\r\n'),
(2, 16, 'Ulises', 'UlisesA', NULL, '<p>Buenos noches {name} con rfc {rfc} lalalala</p>\r\n'),
(3, 16, 'Geovani', 'RFCGEO', NULL, '<p>Hola Se&ntilde;or {name} con el rfc {rfc}</p>\r\n'),
(4, 16, 'Maquina 1', '', NULL, '<p>hola {name} mi rfc es: {rfc}</p>\r\n'),
(5, 16, 'Maquinaria de prueba', '', NULL, '<p>Hola este es un contrato echo por el vendedor {name} en la fecha de {fecha} para el cliente {cliente} con un monto de {monto} total de venta</p>\r\n\r\n<p>{venta}</p>\r\n'),
(6, 16, 'Contrato final de puebla ', '', NULL, '<p>El dia de hoy</p>\r\n\r\n<p>{fecha} el vendedor</p>\r\n\r\n<p>{name}</p>\r\n\r\n<p>con el monto de</p>\r\n\r\n<p>{monto} para el cliente</p>\r\n\r\n<p>{cliente} genera este contrato</p>\r\n'),
(7, 16, '', '', NULL, '<p>este es el rfc del cliente&nbsp;{rfc} nombre del vendedor&nbsp;{name} nombre del cliente&nbsp;{cliente} el monto es de ${monto} de la fecha {fecha}</p>\r\n'),
(8, 16, 'Contrato con select', NULL, NULL, '<p>{cliente} esta encargado el dia de hoy</p>\r\n\r\n<p>{fecha} con su</p>\r\n\r\n<p>{rfc} tener un acuerdo con el vendedor</p>\r\n\r\n<p>{name}</p>\r\n'),
(9, 16, 'prueba', '', NULL, '<p>{name}</p>\r\n\r\n<p>{name}</p>\r\n\r\n<p>{name}</p>\r\n\r\n<p>{fecha}</p>\r\n\r\n<p>{cliente}</p>\r\n\r\n<p>{cliente}</p>\r\n\r\n<p>{monto}</p>\r\n\r\n<p>{monto}</p>\r\n'),
(10, 16, 'Contrato_rodrigo', '', NULL, '<p>Buenas tardes&nbsp; {name} y el rfc:&nbsp;{rfc}</p>\r\n'),
(11, 16, 'test 2', NULL, NULL, '<p>{cliente}</p>\r\n\r\n<p>{name}</p>\r\n\r\n<p>{monto}</p>\r\n\r\n<p>{fecha}</p>\r\n\r\n<p>{rfc}</p>\r\n'),
(12, 16, 'Alexis', NULL, NULL, '<p>{name}</p>\r\n'),
(13, 16, 'arrendamiento', NULL, NULL, '<h2><strong>CONTRATO DE ARRENDAMIENTO</strong></h2>\r\n\r\n<p>En la ciudad de _________________, en fecha {fecha} , ente la presencia de los testigos que al final suscriben este documento, comparecieron por una parte, el C. ___________________________, a quien en lo sucesivo se denominara EL ARRENDADOR. Por otra el C. ___________________________, quien en lo sucesivo se le denominar&aacute; EL ARRENDATARIO todo mexicanos mayores de edad, h&aacute;biles para contratar y obligarse, y dijeron que es su voluntad celebrar el presente contrato de arrendamiento conforme a lo establecido por las disposiciones enmarcadas dentro del C&oacute;digo Civil para el Estado de _________________, mismo que sujetan a las siguientes:</p>\r\n\r\n<h3>CL&Aacute;USULAS</h3>\r\n\r\n<p><strong>PRIMERA</strong>. El ARRENDADOR entrega en arrendamiento la __________________, ubicada en _____________________________.</p>\r\n\r\n<p><strong>SEGUNDA</strong>. El ARRENDATARIO recibe en arrendamiento, en perfectas condiciones de uso, reci&eacute;n pintado y a su entera satisfacci&oacute;n, la finca descrita en la cl&aacute;usula anterior, oblig&aacute;ndose a destinar su uso &uacute;nica y exclusivamente para ________________, por ning&uacute;n motivo podr&aacute; subarrendar, ni hacer variaci&oacute;n alguna de la finca, salvo que por escrito se lo autorice el ARRENDADOR, renunciando adem&aacute;s el inquilino al beneficiario concedido por el art&iacute;culo ________________ del C&oacute;digo Civil.</p>\r\n\r\n<p><strong>TERCERA</strong>. Los contratantes pactan que el t&eacute;rmino de duraci&oacute;n del presente contrato ser&aacute; de ___________ a&ntilde;os, empezando a surtir sus efectos en fecha ___________________________, terminando consecuentemente en fecha ________________________, por lo que en esa fecha el ARRENDATARIO devolver&aacute; al ARRENDADOR la posesi&oacute;n de la finca objeto de este contrato, en el mismo buen estado en que la recibe, junto con sus mejoras y accesorios, renunciando expresamente al derecho de pr&oacute;rroga concedido por el art&iacute;culo ________________ del C&oacute;digo Civil para el Estado de _________________, misma disposici&oacute;n que perfectamente es de su conocimiento y a la que puede renunciar porque no lesiona derechos de terceros y porque adem&aacute;s tiene la plena capacidad civil para renunciar en la forma se&ntilde;alada renunciando tambi&eacute;n a ejercitar cualquier acci&oacute;n que nulifique o entorpezca lo expuesto en esta cl&aacute;usula.</p>\r\n\r\n<p><strong>CUARTA</strong>. Los contratantes pactan de com&uacute;n acuerdo que el ARRENDATARIO pagar&aacute; al ARRENDADOR por concepto de renta mensual por el uso de la finca objeto del contrato la cantidad de $___________ (____________________________), mensuales, mismo que se obliga a pagar por adelantado los d&iacute;as ____________ de cada mes en el domicilio del ARRENDADOR ubicado en _________________________________, el inquilino se ver&aacute; obligado a pagar, si existiera demora en el pago de la renta un inter&eacute;s del _________% mensual, sin que dicha morosidad pueda exceder de ___________ d&iacute;as naturales ya que de as&iacute; suceder se tendr&aacute; por rescindido el contrato y el inquilino debe desocupar y entregar de inmediato la finca materia del presente contrato.</p>\r\n\r\n<p><strong>QUINTA</strong>. Los contratantes estipulan, que si el ARRENDATARIO no desocupa voluntariamente la finca arrendada y la entrega al arrendador al termino de la vigencia del presente instrumento legal, dar&aacute; motivo a que se le haga una pena, aparte del precio establecido como renta, la cantidad de $_____________ (___________________________), diario durante todo el tiempo que durase en desocupar dicho inmueble, pena que ser&aacute; pagadera mensualmente a partir de la terminaci&oacute;n del contrato y hasta la desocupaci&oacute;n de la finca arrendada, sin que por ello se entienda prorrogado o renovado, y adem&aacute;s se deber&aacute; seguir pagando la renta que estipulan en la cl&aacute;usula anterior, o la que estuviera vigente de conformidad con lo establecido en la cl&aacute;usula _______________, hasta la total desocupaci&oacute;n del inmueble.</p>\r\n\r\n<p><strong>SEXTA</strong>. El ARRENDATARIO est&aacute; conciente que el valor dela renta se&ntilde;alada en la cl&aacute;usula ______________ est&aacute; dentro de los limites a que se refiere el art&iacute;culo _______________ del C&oacute;digo Civil en virtud del valor comercial actual del inmueble por la renuncia desde este momento a cualquier acci&oacute;n que pudiera intentar contra el ARRENDAMIENTO en cuanto al se&ntilde;alamiento del importe de la renta.</p>\r\n\r\n<p><strong>S&Eacute;PTIMA</strong>. El ARRENDATARIO se obliga un seguro de incendio y de responsabilidad civil por el valor de la finca a favor del propietario el cual estar&aacute; vigente durante el tiempo del contrato.</p>\r\n\r\n<p><strong>OCTAVA</strong>. Todos los arreglos y composturas de las ca&ntilde;er&iacute;as, llaves de agua, sumideros comunes y excusados, despostilladas en enjarre y vidrios rotos, chapas, pisos, puertas, azulejos, tuber&iacute;as, cortos circuitos en las instalaciones el&eacute;ctricas, desag&uuml;es, as&iacute; como todas las peque&ntilde;as reparaciones que amerite la finca arrendada, por el mal uso dado por el inquilino o personas que lo frecuenten, ser&aacute; por cuenta y bajo exclusiva responsabilidad del ARRENDATARIO.</p>\r\n\r\n<p><strong>NOVENA</strong>. Queda estrictamente prohibido al ARRENDATARIO hacer variaci&oacute;n alguna a la finca arrendada, a&uacute;n con el car&aacute;cter de mejora, sin previo consentimiento dado por escrito por le ARRENDADOR. Todas las mejoras que el ARRENDATARIO realice a la finca arrendada, ya sean &uacute;tiles o de ornato, quedar&aacute;n en beneficio de la finca, en los t&eacute;rminos del art&iacute;culo ____________ del C&oacute;digo Civil para el Estado de _______________, ya que se considerar&aacute;n hechas de mala fe, por lo que no procede indemnizaci&oacute;n alguna al ARRENDATARIO conforme a lo previsto por el art&iacute;culo _____________ del mismo ordenamiento.</p>\r\n\r\n<p><strong>D&Eacute;CIMA</strong>. Queda prohibido al ARRENDATARIO guardar, conservar o tener bajo cualquier t&iacute;tulo en la finca materia del contrato, material explosivo o inflamables, en la inteligencia que ser responsable directamente de cualquier riesgo que se presente y que da&ntilde;e la finca, por este motivo, aun en el caso de fuerza mayor o caso fortuito.</p>\r\n\r\n<p><strong>D&Eacute;CIMA PRIMERA</strong>. Expresamente los contratantes pactan que ser&aacute;n causales de rescisi&oacute;n del presente instrumento legal las siguientes, adem&aacute;s de las establecidas por la Ley:</p>\r\n\r\n<ol>\r\n	<li>Subarrendar, traspasar o ceder su derechos al ARRENDATATIO respecto de la finca material del presente contrato.</li>\r\n	<li>El no pago de la renta pactada en el plazo convencido, es decir, el no pago y el pago impuntual de las mismas.</li>\r\n	<li>Variar la finca dada en arrendamiento, haci&eacute;ndole modificaciones, sean &uacute;tiles o de ornato.</li>\r\n	<li>Utilizar las &aacute;reas del edificio a n fin diferente que su propia naturaleza permita.</li>\r\n	<li>Dedicar la finca arrendada a un uso diferente al estipulado en la cl&aacute;usula segunda.</li>\r\n	<li>Guardar en al finca sustancias peligrosas, explosivas e inflamables, que amanecen la seguridad de las personas de la finca.</li>\r\n	<li>Que el fiador disponga o grave el bien inmueble con que se garantiza el cumplimiento de sus obligaciones contra&iacute;das en el presente contrato.</li>\r\n	<li>El fallecimiento del FIADOR.</li>\r\n	<li>Causar da&ntilde;os al afinca arrendada.</li>\r\n	<li>Colocar r&oacute;tulos o anuncios en al finca arrendada sin autorizaci&oacute;n del ARRENDADOR dada por escrito.</li>\r\n	<li>No tener en vigencia el seguro del que habla la cl&aacute;usula s&eacute;ptima.</li>\r\n</ol>\r\n\r\n<p>Se estipula que si el ARRENDATARIO da motivo a la rescisi&oacute;n del presente contrato, por incurrir en cualquiera de las causales a que se refiere esta cl&aacute;usula, motivar&aacute; que se le exija el pago de la pena estipulada en la cl&aacute;usula quinta.</p>\r\n\r\n<p><strong>D&Eacute;CIMA SEGUNDA</strong>. Si el ARRENDATARIO da lugar a tramites judiciales o extrajudiciales, con intervenci&oacute;n de Abogados, aun en gestiones privadas, por falta de cumplimiento a sus obligaciones contra&iacute;das en el contrato y violaciones a las cl&aacute;usulas que lo forman, en cualquier sentido, ser&aacute; responsable de los costos que se causen y se obliga a cubrir los Abogados del ARRENDADOR, a raz&oacute;n del pago del informe equivalente a tres meses de renta como m&iacute;nimo.</p>\r\n\r\n<p>&nbsp;</p>\r\n');

-- --------------------------------------------------------

--
-- Table structure for table `cotization`
--

CREATE TABLE IF NOT EXISTS `cotization` (
  `id` int(11) NOT NULL AUTO_INCREMENT,
  `id_user_vendor` int(11) NOT NULL,
  `id_user_client` int(11) NOT NULL,
  `global_percent` double NOT NULL,
  `c_date` datetime NOT NULL DEFAULT CURRENT_TIMESTAMP,
  `name_data_contact` varchar(50) DEFAULT NULL,
  `email_data_contact` varchar(100) DEFAULT NULL,
  `phone_data_contact` varchar(100) DEFAULT NULL,
  `movil_data_contact` varchar(100) DEFAULT NULL,
  `calle` varchar(100) DEFAULT NULL,
  `interior` varchar(100) DEFAULT NULL,
  `exterior` varchar(100) DEFAULT NULL,
  `colonia` varchar(100) DEFAULT NULL,
  `localidad` varchar(100) DEFAULT NULL,
  `estado` varchar(100) DEFAULT NULL,
  `municipio` varchar(100) DEFAULT NULL,
  `postal` varchar(100) DEFAULT NULL,
  `referencia` varchar(100) DEFAULT NULL,
  `country` varchar(100) DEFAULT NULL,
  `show_cotization` tinyint(1) NOT NULL,
  PRIMARY KEY (`id`),
  KEY `ID` (`id`),
  KEY `id_user_vendor` (`id_user_vendor`),
  KEY `id_user_client` (`id_user_client`)
) ENGINE=InnoDB  DEFAULT CHARSET=utf8 AUTO_INCREMENT=10 ;

--
-- Dumping data for table `cotization`
--

INSERT INTO `cotization` (`id`, `id_user_vendor`, `id_user_client`, `global_percent`, `c_date`, `name_data_contact`, `email_data_contact`, `phone_data_contact`, `movil_data_contact`, `calle`, `interior`, `exterior`, `colonia`, `localidad`, `estado`, `municipio`, `postal`, `referencia`, `country`, `show_cotization`) VALUES
(1, 45, 49, 10, '2021-05-14 14:39:30', NULL, NULL, NULL, NULL, NULL, NULL, NULL, NULL, NULL, NULL, NULL, NULL, NULL, NULL, 1),
(2, 52, 49, 10, '2021-05-14 14:39:56', NULL, NULL, NULL, NULL, NULL, NULL, NULL, NULL, NULL, NULL, NULL, NULL, NULL, NULL, 0),
(3, 51, 68, 12, '2021-05-14 14:43:36', NULL, NULL, NULL, NULL, NULL, NULL, NULL, NULL, NULL, NULL, NULL, NULL, NULL, NULL, 0),
(4, 16, 68, 10, '2021-05-17 08:28:30', NULL, NULL, NULL, NULL, NULL, NULL, NULL, NULL, NULL, NULL, NULL, NULL, NULL, NULL, 0),
(5, 16, 49, 0, '2021-05-17 13:24:54', NULL, NULL, NULL, NULL, NULL, NULL, NULL, NULL, NULL, NULL, NULL, NULL, NULL, NULL, 0),
(7, 70, 68, 0, '2021-05-24 11:18:18', NULL, NULL, NULL, NULL, NULL, NULL, NULL, NULL, NULL, NULL, NULL, NULL, NULL, NULL, 0),
(8, 74, 68, 0, '2021-05-24 12:07:43', NULL, NULL, NULL, NULL, NULL, NULL, NULL, NULL, NULL, NULL, NULL, NULL, NULL, NULL, 0),
(9, 74, 68, 0, '2021-05-24 12:13:14', 'sss', 'ssss', 'ss', 'ss', 'ss', 'sss', 'sss', 'sss', 'ssss', 'sss', 'sss', 'sss', 'sss', 'Malawi', 0);

-- --------------------------------------------------------

--
-- Table structure for table `cotization_x_products`
--

CREATE TABLE IF NOT EXISTS `cotization_x_products` (
  `id` int(11) NOT NULL AUTO_INCREMENT,
  `id_cat_products` int(11) NOT NULL,
  `id_cotization` int(11) NOT NULL,
  `price` double NOT NULL DEFAULT '0',
  `percent` int(11) NOT NULL,
  PRIMARY KEY (`id`),
  KEY `id_cat_products` (`id_cat_products`),
  KEY `id_cotization` (`id_cotization`)
) ENGINE=InnoDB  DEFAULT CHARSET=utf8 AUTO_INCREMENT=108 ;

--
-- Dumping data for table `cotization_x_products`
--

INSERT INTO `cotization_x_products` (`id`, `id_cat_products`, `id_cotization`, `price`, `percent`) VALUES
(39, 7, 11, 123, 23),
(40, 18, 11, 500, 20),
(50, 12, 11, 10, 10),
(56, 18, 11, 500, 50),
(57, 13, 14, 1200, 20),
(59, 19, 14, 100, 20),
(60, 19, 14, 20, 50),
(61, 20, 14, 78, 10),
(62, 7, 11, 123, 20),
(63, 14, 11, 789, 0),
(64, 12, 17, 4000, 10),
(65, 7, 18, 123, 5),
(66, 12, 19, 4000, 10),
(67, 14, 20, 789, 10),
(68, 19, 20, 10, 5),
(69, 7, 4, 123, 10),
(70, 14, 1, 789, 2),
(75, 19, 1, 100, 50),
(76, 19, 1, 50, 50),
(77, 19, 1, 100, 20),
(80, 19, 1, 100, 0),
(83, 7, 4, 123, 0),
(84, 19, 2, 100, 50),
(85, 19, 2, 100, 50),
(86, 19, 2, 100, 50),
(105, 27, 7, 600000, 10),
(107, 28, 9, 60000, 0);

-- --------------------------------------------------------

--
-- Table structure for table `data_venta`
--

CREATE TABLE IF NOT EXISTS `data_venta` (
  `id` int(11) NOT NULL AUTO_INCREMENT,
  `tipo_persona` varchar(80) NOT NULL,
  `rfc` varchar(13) NOT NULL,
  `correo` varchar(250) NOT NULL,
  `telefono_fijo` int(10) NOT NULL,
  `telefono_movil` int(10) NOT NULL,
  `dom_entrega` varchar(200) NOT NULL,
  `dom_facturacion` varchar(200) NOT NULL,
  `rep_legal` varchar(150) NOT NULL,
  `num_acta_constitutiva` varchar(80) NOT NULL,
  `Fecha` datetime NOT NULL,
  `nombre` varchar(100) NOT NULL,
  `notorio_puplico` varchar(100) NOT NULL,
  `id_data_clients` int(11) NOT NULL,
  PRIMARY KEY (`id`)
) ENGINE=InnoDB  DEFAULT CHARSET=utf8 AUTO_INCREMENT=5 ;

--
-- Dumping data for table `data_venta`
--

INSERT INTO `data_venta` (`id`, `tipo_persona`, `rfc`, `correo`, `telefono_fijo`, `telefono_movil`, `dom_entrega`, `dom_facturacion`, `rep_legal`, `num_acta_constitutiva`, `Fecha`, `nombre`, `notorio_puplico`, `id_data_clients`) VALUES
(1, 'Persona Moral', '0', '', 0, 0, 'canal de cahalco ', 'benito juarez', 'Giovanni zavala', '789458', '2021-06-02 12:10:52', 'WebPuerta', '487', 1),
(2, 'Persona Fisica', '0', 'giovanni.zavala@gmail.com', 2147483647, 1478523698, 'canal', 'benito juarez', '', '', '2021-06-02 12:15:29', 'prueba', '', 7),
(3, 'Persona Moral', 'fffff', '', 0, 0, 'fff', 'ff', 'fff', 'ff', '2021-06-02 01:31:34', 'fff', 'ff', 1),
(4, 'Persona Fisica', 'fff', 'ff', 123456789, 479965, 'gfgfg', 'fgfg', '', '', '2021-06-02 01:58:50', 'fff', '', 1);

-- --------------------------------------------------------

--
-- Table structure for table `employs_data`
--

CREATE TABLE IF NOT EXISTS `employs_data` (
  `id` int(11) NOT NULL AUTO_INCREMENT,
  `salary` double DEFAULT NULL,
  `job_description` varchar(45) DEFAULT NULL,
  `phone` varchar(100) DEFAULT NULL,
  `movil` varchar(100) DEFAULT NULL,
  `id_user` int(11) DEFAULT NULL,
  PRIMARY KEY (`id`),
  KEY `employ-user_idx` (`id_user`)
) ENGINE=InnoDB  DEFAULT CHARSET=utf8 AUTO_INCREMENT=11 ;

--
-- Dumping data for table `employs_data`
--

INSERT INTO `employs_data` (`id`, `salary`, `job_description`, `phone`, `movil`, `id_user`) VALUES
(3, 5000, 'telefonia ', NULL, '5529196482', 16);

-- --------------------------------------------------------

--
-- Table structure for table `file_patments`
--

CREATE TABLE IF NOT EXISTS `file_patments` (
  `id` int(11) NOT NULL AUTO_INCREMENT,
  `payments_id` int(11) NOT NULL,
  `path` varchar(50) NOT NULL,
  PRIMARY KEY (`id`)
) ENGINE=InnoDB  DEFAULT CHARSET=utf8 AUTO_INCREMENT=6 ;

--
-- Dumping data for table `file_patments`
--

INSERT INTO `file_patments` (`id`, `payments_id`, `path`) VALUES
(1, 13, '../public/Payments/mpdf.pdf'),
(2, 14, '../public/Payments/solimaq.docx'),
(3, 15, '../public/Payments/mpdf.pdf'),
(4, 16, '../public/Payments/nombres.txt'),
(5, 17, '../public/Payments/mpdf(1).pdf');

-- --------------------------------------------------------

--
-- Table structure for table `files_sales`
--

CREATE TABLE IF NOT EXISTS `files_sales` (
  `id` int(11) NOT NULL AUTO_INCREMENT,
  `sales_id` int(11) NOT NULL,
  `path` varchar(200) NOT NULL,
  PRIMARY KEY (`id`)
) ENGINE=InnoDB  DEFAULT CHARSET=utf8 AUTO_INCREMENT=32 ;

--
-- Dumping data for table `files_sales`
--

INSERT INTO `files_sales` (`id`, `sales_id`, `path`) VALUES
(10, 1, '../public/Sales/prueba.pdf'),
(11, 18, '../public/Sales/applogo.png'),
(12, 21, '../public/Sales/contrato.jpg'),
(13, 0, '../public/Sales/156813111_117889643617130_4754647635639370529_n.jpg'),
(14, 0, '../public/Sales/solimaq.docx'),
(15, 1, '../public/Sales/nombres.txt'),
(17, 26, '../public/Sales/prueba.pdf'),
(18, 27, '/var/www/html/solimaq/public/Contratos/archivo.pdf'),
(19, 27, '../public/Contratos/archivo.pdf'),
(20, 1, '../public/Contratos/archivo.pdf'),
(21, 27, '../public/Contratos/27628042021.pdf'),
(22, 27, '../public/Contratos/271228042021.pdf'),
(23, 27, '../public/Contratos/27728042021.pdf'),
(24, 27, '../public/Contratos/27628042021.pdf'),
(25, 27, '../public/Contratos/271328042021.pdf'),
(26, 27, '../public/Contratos/27828042021.pdf'),
(27, 1, '../public/Contratos/11428042021.pdf'),
(28, 27, '../public/Contratos/271228042021.pdf'),
(31, 31, '../public/Contratos/311326052021.pdf');

-- --------------------------------------------------------

--
-- Table structure for table `group_modules`
--

CREATE TABLE IF NOT EXISTS `group_modules` (
  `id` int(11) NOT NULL AUTO_INCREMENT,
  `name` varchar(255) NOT NULL,
  `description` varchar(255) NOT NULL,
  `icon` varchar(255) NOT NULL,
  PRIMARY KEY (`id`)
) ENGINE=InnoDB  DEFAULT CHARSET=utf8 AUTO_INCREMENT=5 ;

--
-- Dumping data for table `group_modules`
--

INSERT INTO `group_modules` (`id`, `name`, `description`, `icon`) VALUES
(1, 'ADMIN', 'BALANCE GENERAL', '<i class="menu-item-icon icon ion-ios-home-outline tx-22"></i>'),
(2, 'VENTAS', 'PROCESO DE VENTA', '<i class="fa fa-signal"></i>'),
(3, 'CLIENTE', 'MODULO PUBLICO DE CLIENTE', '<i class="fa fa-handshake-o" aria-hidden="true"></i>'),
(4, 'LEGAL', 'Modulo legal de la empresa', '<i class="fa fa-gavel"></i>');

-- --------------------------------------------------------

--
-- Table structure for table `groups`
--

CREATE TABLE IF NOT EXISTS `groups` (
  `id` int(11) NOT NULL AUTO_INCREMENT,
  `name` varchar(255) NOT NULL,
  `description` varchar(500) NOT NULL,
  `active` smallint(6) NOT NULL DEFAULT '0',
  `c_date` datetime NOT NULL DEFAULT CURRENT_TIMESTAMP,
  PRIMARY KEY (`id`)
) ENGINE=InnoDB  DEFAULT CHARSET=utf8 AUTO_INCREMENT=48 ;

--
-- Dumping data for table `groups`
--

INSERT INTO `groups` (`id`, `name`, `description`, `active`, `c_date`) VALUES
(1, 'Administrador', 'Grupo de Administradores', 1, '2021-02-08 16:36:49'),
(2, 'Clientes', 'Grupo Clientes', 1, '2021-02-02 00:00:00'),
(3, 'Vendedor', 'Grupo Vendedores ', 1, '2021-02-07 00:00:00'),
(4, 'Proveedor', 'Grupo Proveedor', 1, '2021-03-11 00:00:00'),
(5, 'Direccion', 'solo personal administrativo', 1, '2021-05-19 12:20:08'),
(6, 'Asistente', 'Personal de Asistente ', 1, '2021-05-19 12:57:23'),
(7, 'Ventas', 'Personal de Ventas', 1, '2021-05-19 12:57:23'),
(8, 'Contabilidad', 'Personal Contable ', 1, '2021-05-19 12:58:10');

-- --------------------------------------------------------

--
-- Table structure for table `marketing_campaigns`
--

CREATE TABLE IF NOT EXISTS `marketing_campaigns` (
  `id` int(11) NOT NULL AUTO_INCREMENT,
  `name` text NOT NULL,
  `budget` double NOT NULL,
  `date_start` datetime NOT NULL,
  `date_end` datetime NOT NULL,
  `channel` varchar(255) NOT NULL,
  `leads` double NOT NULL,
  `id_producto` int(11) NOT NULL,
  `status` int(11) NOT NULL,
  `id_create_user` int(11) NOT NULL,
  `id_asigned_user` int(11) NOT NULL,
  `c_date` datetime NOT NULL,
  `u_date` datetime NOT NULL,
  `d_date` datetime NOT NULL,
  `total_cost` double DEFAULT NULL,
  PRIMARY KEY (`id`),
  KEY `id_producto` (`id_producto`,`id_create_user`,`id_asigned_user`),
  KEY `fk_user_create` (`id_create_user`),
  KEY `fk_user_asigned` (`id_asigned_user`)
) ENGINE=InnoDB  DEFAULT CHARSET=utf8 AUTO_INCREMENT=31 ;

--
-- Dumping data for table `marketing_campaigns`
--

INSERT INTO `marketing_campaigns` (`id`, `name`, `budget`, `date_start`, `date_end`, `channel`, `leads`, `id_producto`, `status`, `id_create_user`, `id_asigned_user`, `c_date`, `u_date`, `d_date`, `total_cost`) VALUES
(20, 'Test4', 56, '2021-03-30 00:00:00', '2021-04-08 00:00:00', 'Test4', 1, 22, 1, 16, 34, '2021-03-30 06:48:41', '0000-00-00 00:00:00', '0000-00-00 00:00:00', 456789),
(23, 'Test', 546, '2021-04-09 00:00:00', '2021-04-10 00:00:00', 'test', 50, 14, 1, 16, 34, '0000-00-00 00:00:00', '0000-00-00 00:00:00', '0000-00-00 00:00:00', 50000),
(25, 'test5', 20, '2021-04-30 00:00:00', '2021-05-31 00:00:00', 'ventas', 200, 10, 1, 16, 34, '0000-00-00 00:00:00', '0000-00-00 00:00:00', '0000-00-00 00:00:00', 600),
(26, 'test6', 2000, '2021-04-02 00:00:00', '2021-04-30 00:00:00', 'test5', 300, 19, 1, 16, 34, '0000-00-00 00:00:00', '0000-00-00 00:00:00', '0000-00-00 00:00:00', 2999.99),
(27, 'test', 20000, '2021-05-14 00:00:00', '2021-06-30 00:00:00', 'Test de prueba', 500, 7, 1, 16, 0, '0000-00-00 00:00:00', '0000-00-00 00:00:00', '0000-00-00 00:00:00', 1000),
(28, 'prueba', 500, '2021-05-14 00:00:00', '2021-06-30 00:00:00', 'leads', 196, 14, 1, 16, 69, '0000-00-00 00:00:00', '0000-00-00 00:00:00', '0000-00-00 00:00:00', 200),
(29, 'ff', 20, '2021-05-14 00:00:00', '2021-06-17 00:00:00', 'ff', 25, 20, 0, 16, 69, '0000-00-00 00:00:00', '0000-00-00 00:00:00', '0000-00-00 00:00:00', 30),
(30, 'test4', 200, '2021-05-14 00:00:00', '2021-05-14 00:00:00', 'd', 60, 12, 1, 16, 69, '0000-00-00 00:00:00', '0000-00-00 00:00:00', '0000-00-00 00:00:00', 0.23);

-- --------------------------------------------------------

--
-- Table structure for table `modules`
--

CREATE TABLE IF NOT EXISTS `modules` (
  `id` int(11) NOT NULL AUTO_INCREMENT,
  `id_group_module` int(11) NOT NULL,
  `name` varchar(255) NOT NULL,
  `description` text NOT NULL,
  `controller` varchar(255) NOT NULL,
  `active` tinyint(1) NOT NULL,
  `phase` int(11) NOT NULL,
  `show_in_menu` tinyint(1) NOT NULL DEFAULT '0',
  `parent` varchar(80) DEFAULT NULL,
  PRIMARY KEY (`id`),
  KEY `id_group_module` (`id_group_module`)
) ENGINE=InnoDB  DEFAULT CHARSET=utf8 AUTO_INCREMENT=160 ;

--
-- Dumping data for table `modules`
--

INSERT INTO `modules` (`id`, `id_group_module`, `name`, `description`, `controller`, `active`, `phase`, `show_in_menu`, `parent`) VALUES
(1, 2, 'PAGOS', 'TIPOS DE PAGO', 'payments', 1, 3, 1, NULL),
(6, 1, 'USUARIOS', 'UARIOS REGISTRADOS', 'users', 1, 3, 1, NULL),
(47, 2, 'MARKETING', 'ADMINISTRACION DE CAMPAÑAS11', 'MarketingCampaign', 1, 3, 1, 'MarketingGraphs'),
(108, 2, 'PRODUCTOS', 'PRODUCTOS A LA VENTA', 'products', 1, 3, 1, NULL),
(125, 1, 'MODULOS', 'ADMINISTRACION DE MODULOS', 'modules', 0, 0, 1, NULL),
(127, 2, 'PROVEEDORES', 'MODULO DE PROVEEDORES SOLIMAQ', 'proveedores', 0, 0, 1, 'prueba'),
(128, 3, 'SEGUIMIENTO', 'SEGUIMIENTO DE PAQUETES', 'logistic', 0, 0, 1, NULL),
(129, 1, 'PERFILES', 'ADMINISTRACION DE PERMISOS', 'profiles', 0, 0, 1, NULL),
(130, 2, 'ETAPAS DE VENTA', 'MODULO DE ETAPAS DE VENTA', 'sales_stage', 0, 0, 1, NULL),
(131, 1, 'INICIO', 'INICIO', 'inicio', 1, 3, 1, NULL),
(136, 1, 'GRUPOS', 'Grupos de usuarios', 'groups', 0, 0, 1, NULL),
(137, 2, 'PROSPECTOS', 'cotizaciones', 'cotizaciones', 0, 0, 1, NULL),
(138, 2, 'COTIZACIONES_PRODUCTOS', 'productos', 'Cotizacion_products', 0, 0, 0, NULL),
(139, 2, 'LISTA FACTURACION', 'LISTA DE PDFS', 'list_facturation', 0, 0, 0, NULL),
(140, 2, 'EMPRESAS', 'Modulo de empresas', 'Empresas', 0, 0, 1, NULL),
(141, 1, 'NOTIFICACIONES', 'Notificaciones', 'Notificaciones', 0, 0, 0, NULL),
(143, 2, 'EMPLEADOS', 'Datos generales de empleados', 'Empleados', 0, 0, 1, NULL),
(144, 4, 'CONTRATOS', 'Este modulo es para la generación de contratos', 'Contratos/get_table', 0, 0, 1, NULL),
(151, 2, 'UPLOADS FILES', 'CARGA DE ARCHIVOS', 'uploads_files', 0, 0, 0, NULL),
(152, 1, 'prueba', 'prueba', 'prueba', 0, 0, 0, NULL),
(153, 2, 'CLIENTES', 'MODULO DE VENTAS', 'ventas', 0, 0, 1, NULL),
(154, 2, 'ESTADOS MARKETING', 'Gráficos de marketing', 'MarketingGraphs', 1, 0, 1, 'MarketingCampaign'),
(155, 4, 'Costos y Gastos', 'Detalle de Gastos y Costos', 'expenses', 0, 0, 1, NULL),
(156, 2, 'CLIENTES', 'TABLA DE CLIENTES', 'clientes', 0, 0, 0, NULL),
(157, 2, 'DOCUMENTACION', 'Documentos de empresas', 'documentacion ', 0, 0, 1, NULL),
(158, 2, 'Compra', 'compra de productos por proveedor ', 'compra', 0, 0, 0, NULL),
(159, 2, 'Carrito', 'Carrito de compra', 'carrito', 0, 0, 0, NULL);

-- --------------------------------------------------------

--
-- Table structure for table `notifications`
--

CREATE TABLE IF NOT EXISTS `notifications` (
  `id` int(11) NOT NULL AUTO_INCREMENT,
  `id_type` int(11) NOT NULL,
  `state` tinyint(1) NOT NULL,
  `id_user_emisor` int(11) DEFAULT NULL,
  `id_user_receptor` int(11) DEFAULT NULL,
  `date` datetime NOT NULL,
  PRIMARY KEY (`id`),
  KEY `fk_user_receiver` (`id_user_emisor`)
) ENGINE=InnoDB  DEFAULT CHARSET=utf8 AUTO_INCREMENT=12 ;

--
-- Dumping data for table `notifications`
--

INSERT INTO `notifications` (`id`, `id_type`, `state`, `id_user_emisor`, `id_user_receptor`, `date`) VALUES
(7, 1, 1, 41, 16, '2021-04-28 06:07:07'),
(8, 2, 1, 41, 16, '2021-04-27 03:11:14'),
(9, 2, 1, 26, 16, '2021-04-29 08:12:13'),
(10, 1, 1, 27, 16, '2021-04-28 04:11:13'),
(11, 2, 1, 34, 41, '2021-04-28 04:10:11');

-- --------------------------------------------------------

--
-- Table structure for table `payments`
--

CREATE TABLE IF NOT EXISTS `payments` (
  `id` int(11) NOT NULL AUTO_INCREMENT,
  `id_sales` int(11) DEFAULT NULL,
  `amount` double DEFAULT NULL,
  `status` varchar(255) DEFAULT NULL,
  `c_date` datetime DEFAULT CURRENT_TIMESTAMP,
  `id_cat_payments` int(11) DEFAULT NULL,
  PRIMARY KEY (`id`),
  KEY `payment-cat-payment_idx` (`id_cat_payments`),
  KEY `payment-sales_idx` (`id_sales`)
) ENGINE=InnoDB  DEFAULT CHARSET=utf8 AUTO_INCREMENT=18 ;

--
-- Dumping data for table `payments`
--

INSERT INTO `payments` (`id`, `id_sales`, `amount`, `status`, `c_date`, `id_cat_payments`) VALUES
(1, NULL, 500.12, 'En espera', '2021-04-23 11:35:01', 16),
(3, 1, 787.96, 'Pendiente', '2021-04-26 01:02:35', 5),
(4, 1, 400, 'pagado', '2021-04-26 12:31:37', 15),
(5, 1, 100.27, 'envio', '2021-04-26 01:07:50', 16),
(7, 21, 200, 'primer pago', '2021-04-27 02:42:31', 5),
(9, 21, 400, 'Pendiente', '2021-04-27 02:48:43', 15),
(10, 21, 500, 'envio', '2021-04-27 02:50:46', 5),
(11, 21, 100, 'Pendiente', '2021-04-27 02:57:37', 5),
(12, 21, 100, 'Pendiente', '2021-04-27 02:58:45', 5),
(13, 21, 10, 'Pendiente', '2021-04-27 03:04:04', 5),
(14, 1, 500, 'En espera', '2021-04-27 03:13:42', 5),
(15, 1, 500, 'pagado', '2021-04-30 01:33:39', 15),
(17, 26, 8000, 'pagado', '2021-04-27 03:34:37', 5);

-- --------------------------------------------------------

--
-- Table structure for table `proveedor`
--

CREATE TABLE IF NOT EXISTS `proveedor` (
  `id_proveedor` int(11) NOT NULL AUTO_INCREMENT,
  `contact` varchar(100) NOT NULL,
  `phone` int(10) NOT NULL,
  `embark` varchar(100) NOT NULL,
  `bank` varchar(200) NOT NULL,
  `name_proveedor` varchar(100) DEFAULT NULL,
  `p_address_country` varchar(255) DEFAULT NULL,
  `p_address_city` varchar(255) DEFAULT NULL,
  `p_address_county` varchar(255) DEFAULT NULL,
  `p_address_street` varchar(255) DEFAULT NULL,
  `p_address_postal_code` varchar(255) DEFAULT NULL,
  `p_address_number` varchar(255) DEFAULT NULL,
  `rfc` varchar(100) DEFAULT NULL,
  `description_proveedor` text,
  `c_date` datetime DEFAULT NULL,
  `business_id` int(11) NOT NULL,
  PRIMARY KEY (`id_proveedor`)
) ENGINE=InnoDB  DEFAULT CHARSET=utf8 AUTO_INCREMENT=58 ;

--
-- Dumping data for table `proveedor`
--

INSERT INTO `proveedor` (`id_proveedor`, `contact`, `phone`, `embark`, `bank`, `name_proveedor`, `p_address_country`, `p_address_city`, `p_address_county`, `p_address_street`, `p_address_postal_code`, `p_address_number`, `rfc`, `description_proveedor`, `c_date`, `business_id`) VALUES
(56, 'giovanni zavala ', 2147483647, 'china', '47896564132356544', NULL, NULL, NULL, NULL, NULL, NULL, NULL, 'SDFRTGHYUJKIKLO', NULL, '2021-05-20 12:21:16', 1),
(57, 'zavala', 1478523698, 'chino de china', 'qwertyuiopasdfgh', NULL, NULL, NULL, NULL, NULL, NULL, NULL, 'AZSWEDFRTGVB', NULL, '2021-05-20 05:28:33', 15);

-- --------------------------------------------------------

--
-- Table structure for table `proveedor_x_products`
--

CREATE TABLE IF NOT EXISTS `proveedor_x_products` (
  `id` int(11) NOT NULL AUTO_INCREMENT,
  `id_product` int(11) NOT NULL,
  `id_proveedor` int(11) NOT NULL,
  `supplier_price` double NOT NULL,
  PRIMARY KEY (`id`),
  KEY `id_product` (`id_product`),
  KEY `id_proveedor` (`id_proveedor`)
) ENGINE=InnoDB  DEFAULT CHARSET=utf8 AUTO_INCREMENT=14 ;

--
-- Dumping data for table `proveedor_x_products`
--

INSERT INTO `proveedor_x_products` (`id`, `id_product`, `id_proveedor`, `supplier_price`) VALUES
(9, 27, 56, 90000),
(10, 28, 56, 1000000000),
(11, 27, 56, 20000),
(12, 28, 56, 50000),
(13, 27, 57, 3000);

-- --------------------------------------------------------

--
-- Table structure for table `sale_product_activity`
--

CREATE TABLE IF NOT EXISTS `sale_product_activity` (
  `id` int(11) NOT NULL AUTO_INCREMENT,
  `id_cotization_x_products` int(11) DEFAULT NULL,
  `id_user` int(11) DEFAULT NULL,
  `description` varchar(5000) DEFAULT NULL,
  `id_stage` int(11) DEFAULT NULL,
  `c_date` datetime DEFAULT CURRENT_TIMESTAMP,
  PRIMARY KEY (`id`),
  KEY `cotization-c_x_p_idx` (`id_cotization_x_products`),
  KEY `spa-users_idx` (`id_user`),
  KEY `spa-stage_idx` (`id_stage`)
) ENGINE=InnoDB DEFAULT CHARSET=utf8 AUTO_INCREMENT=1 ;

-- --------------------------------------------------------

--
-- Table structure for table `sales`
--

CREATE TABLE IF NOT EXISTS `sales` (
  `id` int(11) NOT NULL AUTO_INCREMENT,
  `id_cotizacion` int(11) DEFAULT NULL,
  `id_user_vendor` int(11) DEFAULT NULL,
  `subtotal` double DEFAULT NULL,
  `tax` double DEFAULT NULL,
  `c_date` datetime DEFAULT CURRENT_TIMESTAMP,
  PRIMARY KEY (`id`),
  KEY `sales-user_idx` (`id_cotizacion`),
  KEY `sales-user_idx1` (`id_user_vendor`)
) ENGINE=InnoDB  DEFAULT CHARSET=utf8 AUTO_INCREMENT=37 ;

--
-- Dumping data for table `sales`
--

INSERT INTO `sales` (`id`, `id_cotizacion`, `id_user_vendor`, `subtotal`, `tax`, `c_date`) VALUES
(1, 14, 16, 1120.2, 15, '2021-04-16 12:56:09'),
(18, 15, 16, 0, 15, '2021-04-16 01:53:35'),
(21, 11, 16, 753.71, 15, '2021-04-19 11:05:56'),
(22, 14, 16, 1120.2, 15, '2021-04-20 04:36:56'),
(25, 11, 16, 753.71, 15, '2021-04-20 05:36:27'),
(26, 11, 41, 753.71, 15, '2021-04-21 04:16:12'),
(27, 14, 41, 1120.2, 15, '2021-04-21 06:20:27'),
(28, 11, 41, 852.11, 15, '2021-04-29 02:45:21'),
(29, 14, 16, 1120.2, 15, '2021-04-29 02:56:57'),
(30, 14, 16, 1120.2, 15, '2021-05-03 07:08:15'),
(31, 4, 16, 233.7, 15, '2021-05-17 01:45:38'),
(32, 1, 76, 1028.22, 15, '2021-06-01 05:34:48'),
(33, 1, 16, 1028.22, 16, '2021-06-02 12:10:51'),
(34, 9, 16, 60000, 16, '2021-06-02 12:15:28'),
(35, 1, 16, 1028.22, 16, '2021-06-02 01:31:34'),
(36, 1, 16, 1028.22, 16, '2021-06-02 01:58:50');

-- --------------------------------------------------------

--
-- Table structure for table `selected_button`
--

CREATE TABLE IF NOT EXISTS `selected_button` (
  `id` int(11) NOT NULL AUTO_INCREMENT,
  `name_table` varchar(100) DEFAULT NULL,
  `column_name` varchar(100) DEFAULT NULL,
  `name` varchar(100) DEFAULT NULL,
  PRIMARY KEY (`id`)
) ENGINE=InnoDB  DEFAULT CHARSET=utf8 AUTO_INCREMENT=7 ;

--
-- Dumping data for table `selected_button`
--

INSERT INTO `selected_button` (`id`, `name_table`, `column_name`, `name`) VALUES
(1, 'users', 'user_name', 'nombre de usuario'),
(2, 'clients_data', 'name', 'nombre de cliente'),
(3, 'clients_data', 'adress_country', 'pais'),
(4, 'sales', 'subtotal', 'monto'),
(5, 'temporary', 'temporary', 'fecha'),
(6, 'clients_data', 'clients_data', 'rfc');

-- --------------------------------------------------------

--
-- Table structure for table `type_files`
--

CREATE TABLE IF NOT EXISTS `type_files` (
  `id` int(11) NOT NULL AUTO_INCREMENT,
  `type_file` varchar(100) NOT NULL,
  PRIMARY KEY (`id`)
) ENGINE=InnoDB  DEFAULT CHARSET=utf8 AUTO_INCREMENT=10 ;

--
-- Dumping data for table `type_files`
--

INSERT INTO `type_files` (`id`, `type_file`) VALUES
(1, 'ACTA CONSTITUTIVA'),
(2, 'PODER NOTARIAL'),
(3, 'REGISTRO PUBLICO'),
(4, 'IFE REP LEGAL'),
(5, 'COMPROBANTE DE DOMICILIO'),
(6, 'CONSTANCIA SAT'),
(7, 'OPINION DEL CUMPLIMIENTO'),
(8, 'CUENTAS BANCARIAS'),
(9, 'HOJA MEMBRETADA');

-- --------------------------------------------------------

--
-- Table structure for table `type_of_notification`
--

CREATE TABLE IF NOT EXISTS `type_of_notification` (
  `id` int(11) NOT NULL AUTO_INCREMENT,
  `Tipo` varchar(50) NOT NULL,
  `Mensaje` varchar(80) NOT NULL,
  PRIMARY KEY (`id`)
) ENGINE=InnoDB  DEFAULT CHARSET=utf8 AUTO_INCREMENT=3 ;

--
-- Dumping data for table `type_of_notification`
--

INSERT INTO `type_of_notification` (`id`, `Tipo`, `Mensaje`) VALUES
(1, 'Cotizacion ', 'Se realizo una Cotizacion de '),
(2, 'Venta', 'Se realizo una nueva venta de ');

